37 = 0. Let a = -648 - u. What is the tens digit of a?
6
Suppose -10 = -3*j + 2. Suppose -3*w - 5*o = -19, -j*w - o + 14 = -0*o. Suppose -5*z = w*z - 672. What is the tens digit of z?
8
Let l(t) = 11*t + 35. Let n be l(-3). What is the tens digit of n*-27*(104/(-16) + 3)?
8
Let q(d) = 30*d**3 + 2*d**2 + 182*d - 190. What is the tens digit of q(12)?
2
What is the tens digit of (-50618)/(-22) + -12*5/(-330)?
0
Suppose 574 = -3*l + 178. What is the units digit of (-3028)/(-44) - 24/l?
9
Let b(l) = l**2 - 3*l - 1. Let s be b(5). Suppose -8*w + s = -7*w. What is the units digit of w?
9
Suppose -3*v = -3, 62*v + 13268 = 3*d + 58*v. What is the thousands digit of d?
4
Let w be 0/((3 + 5)/4). Suppose 2*b + 2*b = -5*p + 535, w = -3*b + p + 387. What is the units digit of b?
0
Let u = 13405 + -4172. What is the tens digit of u?
3
Let k be ((-6)/48)/((-2)/16). Suppose -2*n - 3*j + 4 = 0, -k + 3 = n + 3*j. What is the tens digit of n/3*(-5 + 165/6)?
1
Let c be 6/(7 - -5)*2. Let y = 2 + -1. What is the units digit of y - (-1 + 1 + c)*0?
1
Let j be (-105 + -3)/((-8)/(-24)). Let z = 395 - j. What is the units digit of z?
9
What is the units digit of 2026/(36/16 + -3 - (-210)/264)?
2
Suppose -4*x = 5*h - 428, -5*x + 17 - 91 = -h. Suppose -15*b + h = -13*b. Suppose 2*r - 3*a = 62, 2*r + a - b = -a. What is the tens digit of r?
2
Let a be ((-100)/6)/((-12)/18). What is the units digit of ((-1076)/10)/(40/a + -2)?
9
Let f(u) = -217*u**3 - 5*u**2 + 12*u + 32. What is the tens digit of f(-4)?
9
Suppose 5*t = -2*o + 3*o + 73929, -44360 = -3*t - 2*o. What is the thousands digit of t?
4
Suppose 952*j = 957*j - 2*y - 229366, -2*y + 183464 = 4*j. What is the ten thousands digit of j?
4
Let n(c) = c - 2. Let h be n(5). Suppose 4*r - 30 = -18. Suppose -h = 3*q, -r*t - q - 137 = -5*t. What is the tens digit of t?
6
Suppose 0 = 37*c - 251 + 66. Let f(d) = d**3 + 9*d**2 + 5*d + 4. Let a be f(-7). Suppose w - 2*w - 4*l = -a, 259 = c*w + l. What is the tens digit of w?
5
Suppose 3*r = 3*h - 15693, 6*r = 4*h + 7*r - 20909. Suppose h = 12*k - 4564. What is the units digit of k?
6
Suppose -p - 7 = r + 4, 15 = -5*r + 3*p. Let g(y) = -2*y**3 - 6*y**2 - 44*y - 31. What is the hundreds digit of g(r)?
4
Suppose 11*d - 15*d - 168 = 0. Let b be 3/((-18)/(-218))*d/(-14). Let t = b - 62. What is the tens digit of t?
4
Let t = -25913 + 58130. What is the tens digit of t?
1
Let u(f) = -523*f - 1570. What is the hundreds digit of u(-26)?
0
Let k(c) = 4 - 4*c**2 + 9*c**2 - 2*c**2 - 5*c**2. Let p be k(0). Suppose -11*b + 952 = -p*b. What is the hundreds digit of b?
1
Let c(d) = -84*d + 101. Let j(k) = 419*k - 509. Let y(t) = -11*c(t) - 2*j(t). What is the tens digit of y(6)?
2
Suppose -5*t - 2*n + 80 = 1, 2*t - 4*n - 46 = 0. Suppose 0*i = t*i - 13991. What is the tens digit of i?
2
Let i(c) be the third derivative of c**5/12 - 5*c**4/8 + 235*c**3/6 - 140*c**2. What is the units digit of i(14)?
5
What is the thousands digit of -25756*(-19 - (-1278)/72)?
2
Let r(w) = w**3 + 11*w**2 - 8*w - 14. Let c be r(-12). Let h = c + 103. What is the units digit of h?
1
Let s(n) = -2*n - 27. Let m be s(-18). Suppose 95*a + m = 94*a. What is the tens digit of 1 + -18*(2 - (-129)/a)?
2
Let a = 3612 - 1389. What is the thousands digit of a?
2
Let s(v) be the second derivative of 29*v**5/5 - v**3/3 - v**2/2 - 9*v. Let m be s(-1). Let n = 166 + m. What is the tens digit of n?
5
Suppose 3*w + 1269 = 2*j - 1028, 4*j - 5*w - 4589 = 0. Let o = -398 + j. What is the units digit of o?
3
Suppose 2*s = -12*s + 2814. Suppose -3*l = 0, r - s + 28 = 4*l. What is the units digit of r?
3
Let f(m) = -10*m + 7*m**2 - 61 + 0*m**2 + 60. Let a(b) = b**3 - 7*b**2 - 6*b - 10. Let v be a(8). What is the units digit of f(v)?
1
Let c = 190 - 175. Suppose 17*f - c*f - 544 = 0. What is the hundreds digit of f?
2
Let v(o) = -8*o**3 + 7*o**2 + 5*o + 2. Let t(y) = -y**2 + 31*y - 35. Let m be t(30). What is the thousands digit of v(m)?
1
Suppose -3*o + 123116 = 5*t, -t - 2*t = -o - 73878. What is the tens digit of t?
2
Let t be (-2 - -2)*(-6)/12. Suppose -6*v = -t - 24. Suppose -6*r + 172 = -v*r. What is the tens digit of r?
8
Let l(b) = b**2 - b - 2. Let f be l(4). Suppose 0*t - f = -2*t - 4*j, -4*t = j - 20. What is the tens digit of (46/t)/((-5)/(-25))?
4
Let o(v) = v**3 - 7*v**2 + 5*v - 36. Let m be o(7). What is the units digit of m/(2/(-235))*(-168)/(-35)?
4
Let d = -366 - -382. What is the units digit of (-1875)/(-18) - d/96?
4
Let f = 2368 - -35546. What is the ten thousands digit of f?
3
Let y(q) = q**3 - 47*q**2 + 70*q - 236. What is the units digit of y(46)?
8
Let o(n) be the third derivative of 11*n**4/6 + 18*n**3 - 18*n**2 + 4. What is the tens digit of o(10)?
4
Suppose -p = -i + 316, 5*i - 4*p + 3*p - 1584 = 0. Suppose x + 235 - i = 0. Let s = 81 + x. What is the hundreds digit of s?
1
Let f = 299 - -348. Let r = f + -226. What is the tens digit of r?
2
Let c(i) = i**2 - 10*i - 8. Let q = 8 + 3. Let k be c(q). Suppose k*u - 425 = -2*u. What is the units digit of u?
5
Let v(w) = -w**2 + 2*w + 4. Let h be (0*3/15)/2. Let s be v(h). Suppose -s*l = -8, 2*o + o = 4*l + 547. What is the hundreds digit of o?
1
Suppose d - 4028 - 1773 = -4*t, -2*t + 2898 = -2*d. Let i = t + -843. What is the hundreds digit of i?
6
Let g = -41 - -45. Suppose -3*w = 3*l + 504, -g*w - l - 63 = 597. Let a = w + 237. What is the tens digit of a?
7
Let v be (226/(-12))/((-7)/42). Let f = v + 385. What is the hundreds digit of f?
4
Suppose -23875 - 11247 = -9*x + 71222. What is the ten thousands digit of x?
1
Let x(l) = 3*l**2 - l - 17. Let n(m) = m**2 + 5*m - 1. Let v be n(-6). Suppose -8*b + 7*b = v. What is the units digit of x(b)?
3
Suppose -81*b = -78*b - 4*k - 9876, 5*b + 2*k = 16408. What is the hundreds digit of b?
2
Suppose 2*g - g - 3*c = 918, -2*g - 5*c = -1792. Let j = g + 470. What is the hundreds digit of j?
3
Suppose 1833*q + 395038 = 1862*q. What is the hundreds digit of q?
6
Let h = 64 - 34. Suppose 0 = -h*z + 214 + 836. What is the tens digit of z?
3
Let s = -229 + 29. Let z = 432 + s. What is the hundreds digit of z?
2
Suppose 0 = -37*v - v + 238830. What is the tens digit of v?
8
Let d(g) = g**2 + 9*g + 3. Let v be d(-9). Suppose 0 = v*j + 22 - 25. What is the units digit of j*24*-2*6/(-36)?
8
Suppose 2*h + 4*p + 876 = 0, -p + 429 = -h - 6*p. Let w = h - -147. Let s = -136 - w. What is the units digit of s?
1
Let d be (38/57)/(2/3678). Let x = d + -285. What is the units digit of x?
1
Let s = 20183 - 2741. What is the thousands digit of s?
7
Suppose -144 = 7*s - 284. Suppose s*g + 713 - 2013 = 0. What is the tens digit of g?
6
Suppose 62*u - 343666 = 108624. What is the units digit of u?
5
Suppose -2*n - 14 = 0, 4*n - 30312 = -2*b - 2*n. What is the units digit of b?
7
Suppose -979860 - 684135 + 362301 = -87*b. What is the tens digit of b?
6
Let g be (-2)/10 + (-1116992)/(-310). Suppose -3*a = 3*b - 2193, 55 = 5*b + 4*a - g. What is the tens digit of b?
3
Let r = 85303 + -48138. What is the thousands digit of r?
7
What is the units digit of (280960/400)/(8/150)?
0
Let z = -101 + 101. Let k be z*(-4)/(-16)*-2. Suppose -8*b + 296 = -k*b. What is the tens digit of b?
3
Let z be 1214/14 + 4/14. Suppose -777*l + 773*l - 144 = 0. Let h = z + l. What is the units digit of h?
1
Let k(m) be the third derivative of -43*m**6/8 + m**3/6 - 48*m**2. What is the tens digit of k(-1)?
4
Let w = 137 - 793. Let a = w + 1122. What is the tens digit of a?
6
Suppose 0*r = -3*r - 30. Let u(k) = k**3 + 10*k**2 - 2*k + 22. Let z be u(r). What is the units digit of (-218)/(2/(-6) + (-28)/z)?
8
Let t be -1 + -2 - (6 + -51). Let l = t + -17. Let f = l - -47. What is the units digit of f?
2
Let i(h) = -22*h - 2. Let f(d) = 1. Let a(q) = 6*f(q) + 2*i(q). Let w be a(-1). Suppose 2*m - 40 - w = 0. What is the units digit of m?
3
Suppose -11*u + 15*u = -132. Let v = u + 44. Let a(s) = -2*s**3 + 23*s**2 - 2*s - 12. What is the tens digit of a(v)?
8
Let h be (-299)/(-7) - (-2 + 108/63). Let s = h + 81. What is the hundreds digit of s?
1
What is the ten thousands digit of ((-2 - -5) + 18183/3)*(-14)/(-4)?
2
Let w(l) = -l**3 + 4*l**2 - 4*l + 18. Let r be w(-8). Suppose r - 104 = 3*p. What is the tens digit of p?
3
Suppose -12*f + 49950 = -17*f + 164235. What is the uni